5481?
113
What is the highest common divisor of 4784 and 223964?
52
Calculate the highest common divisor of 620 and 47585.
155
What is the highest common factor of 1969 and 176?
11
What is the greatest common factor of 6 and 13422?
6
What is the greatest common divisor of 5291 and 159211?
481
What is the highest common divisor of 8050 and 9982?
322
What is the greatest common factor of 18036 and 18871?
167
Calculate the greatest common factor of 35850 and 200.
50
What is the highest common factor of 57528 and 24888?
408
What is the highest common factor of 15759 and 63?
9
Calculate the greatest common divisor of 10164 and 597982.
1694
Calculate the highest common factor of 3809 and 1742.
13
What is the highest common factor of 1037 and 10004?
61
Calculate the greatest common factor of 2 and 778190.
2
Calculate the highest common factor of 37380 and 130652.
356
Calculate the greatest common divisor of 277731 and 45.
9
What is the greatest common divisor of 295230 and 3510?
390
What is the greatest common factor of 1716 and 11220?
132
What is the highest common factor of 22423631 and 617?
617
What is the greatest common factor of 2685 and 60681?
537
What is the highest common factor of 21 and 63483?
21
Calculate the highest common factor of 182 and 20176.
26
Calculate the highest common factor of 1849146 and 942.
942
What is the greatest common divisor of 121868 and 216?
4
Calculate the greatest common divisor of 31 and 2408359.
31
What is the highest common divisor of 370470 and 795?
795
Calculate the greatest common factor of 24 and 1305816.
24
Calculate the highest common divisor of 18724 and 13892.
604
Calculate the greatest common factor of 10 and 23930.
10
What is the highest common divisor of 2491 and 6413?
53
What is the highest common factor of 2057 and 3043?
17
What is the highest common divisor of 789 and 621?
3
Calculate the highest common factor of 904 and 6554.
226
Calculate the highest common divisor of 306 and 1352979.
153
What is the highest common factor of 260 and 5969990?
130
Calculate the greatest common divisor of 4396 and 28.
28
Calculate the greatest common divisor of 5610 and 8085.
165
What is the highest common divisor of 98 and 110698?
14
Calculate the greatest common factor of 26 and 245986.
26
Calculate the greatest common divisor of 5283 and 99.
9
What is the highest common factor of 17004 and 247?
13
Calculate the highest common divisor of 1192 and 138868.
596
What is the greatest common divisor of 2879 and 1?
1
What is the highest common factor of 552 and 6808?
184
Calculate the highest common factor of 8965 and 165.
55
Calculate the greatest common factor of 211308 and 36.
12
Calculate the greatest common factor of 26847 and 36.
9
What is the greatest common divisor of 58038 and 51?
51
What is the greatest common factor of 24 and 6564?
12
What is the greatest common factor of 1422 and 162?
18
What is the highest common factor of 22 and 2519?
11
What is the greatest common divisor of 2360732 and 88?
44
Calculate the greatest common divisor of 9 and 1994454.
9
What is the greatest common factor of 588 and 6109908?
588
Calculate the greatest common divisor of 13264 and 4976.
16
Calculate the greatest common factor of 54 and 45378.
18
What is the greatest common divisor of 3975 and 3339?
159
What is the greatest common factor of 937 and 6336931?
937
What is the greatest common divisor of 2499 and 758268?
357
Calculate the highest common factor of 78462 and 45.
9
Calculate the highest common divisor of 555 and 267695.
185
Calculate the greatest common factor of 7707391 and 113.
113
What is the highest common divisor of 1106 and 9311414?
1106
Calculate the highest common factor of 57845 and 805.
115
What is the greatest common factor of 52 and 166114?
26
Calculate the highest common divisor of 5083 and 173995.
391
Calculate the highest common factor of 12772 and 13392.
124
Calculate the greatest common divisor of 654 and 19293.
327
What is the greatest common factor of 45371 and 1003?
59
Calculate the highest common factor of 425 and 2000.
25
What is the highest common divisor of 2485 and 117505?
355
What is the highest common divisor of 624112 and 160?
16
What is the greatest common factor of 89325 and 27?
9
What is the highest common factor of 870 and 4089?
87
What is the highest common divisor of 35 and 726?
1
What is the highest common factor of 50100 and 12?
12
What is the highest common factor of 16272 and 612?
36
Calculate the greatest common factor of 252 and 1799784.
252
What is the highest common divisor of 7298 and 76260?
82
What is the highest common factor of 17 and 120173?
17
Calculate the highest common divisor of 680 and 63320.
40
What is the greatest common divisor of 221 and 169?
13
What is the highest common factor of 98287 and 1197?
133
What is the highest common factor of 2144 and 272?
16
Calculate the greatest common divisor of 2719984 and 1504.
752
Calculate the greatest common divisor of 44238 and 10302.
606
Calculate the highest common factor of 79 and 33259.
79
What is the greatest common factor of 72 and 466272?
72
What is the greatest common divisor of 3495 and 2520?
15
Calculate the highest common factor of 135 and 17781.
3
What is the greatest common factor of 15264 and 371?
53
What is the highest common factor of 39 and 57759?
39
What is the highest common factor of 117 and 13559?
13
What is the highest common divisor of 322 and 99590?
46
Calculate the greatest common factor of 32459 and 14.
7
What is the highest common factor of 985 and 329581?
197
Calculate the greatest common factor of 476650 and 70.
10
What is the greatest common divisor of 46 and 236762?
46
Calculate the highest common divisor of 17528 and 238.
14
Calculate the highest common factor of 34 and 151198.
34
Calculate the greatest common divisor of 96 and 4820.
4
What is the greatest common factor of 6363 and 18?
9
What is the highest common factor of 1220 and 24095?
305
What is the greatest common factor of 3 and 41703?
3
Calculate the highest common factor of 3533 and 2.
1
Calculate the greatest common divisor of 4984 and 14329.
623
What is the highest common factor of 80550 and 43676?
358
Calculate the greatest common factor of 1016 and 960628.
508
Calculate the highest common factor of 28666 and 330.
22
What is the greatest common divisor of 9 and 131697?
9
Calculate the greatest common factor of 122 and 102.
2
Calculate the highest common factor of 6132 and 48244.
28
What is the greatest common factor of 68 and 383367?
17
What is the highest common factor of 727320 and 456?
456
What is the greatest common divisor of 36 and 1289388?
12
Calculate the highest common factor of 5989 and 21465.
53
Calculate the highest common divisor of 13424 and 800.
16
What is the greatest common divisor of 1278316 and 2028?
676
Calculate the highest common divisor of 1410 and 409890.
30
Calculate the highest common factor of 17 and 1164857.
17
Calculate the highest common divisor of 1196 and 2054.
26
What is the greatest common divisor of 591 and 10?
1
Calculate the greatest common factor of 135 and 50769.
9
Calculate the greatest common factor of 2028 and 15132.
156
What is the highest common factor of 5661 and 139527?
333
What is the highest common divisor of 4895 and 141065?
445
Calculate the greatest common divisor of 25 and 1181.
1
Calculate the highest common divisor of 7479 and 27756.
27
What is the highest common divisor of 7 and 463183?
7
What is the greatest common divisor of 462 and 1056594?
462
What is the greatest common divisor of 4885 and 5?
5
What is the highest common factor of 41052 and 456548?
1244
What is the highest common divisor of 265 and 4955?
5
Calculate the greatest common factor of 2603 and 2.
1
What is the highest common factor of 231 and 2954721?
231
Calculate the highest common factor of 9996 and 49.
49
Calculate the highest common factor of 22278 and 39342.
474
Calculate the greatest common factor of 1643 and 375929.
53
Calculate the highest common divisor of 162 and 6066.
18
What is the greatest common divisor of 496952 and 8?
8
What is the greatest common divisor of 575 and 95105?
115
What is the greatest common factor of 8856 and 57?
3
What is the highest common divisor of 125 and 13475?
25
What i